{"id":17264,"date":"2017-06-23T17:53:21","date_gmt":"2017-06-23T15:53:21","guid":{"rendered":"http:\/\/absolute-referencement.com\/remarketing-rlsa-adwords-retargeting-display-google"},"modified":"2020-07-12T11:53:22","modified_gmt":"2020-07-12T09:53:22","slug":"remarketing-retargeting-google-adwords","status":"publish","type":"page","link":"https:\/\/absolute-referencement.com\/french-seo-sea-sem-agency\/remarketing-retargeting-google-adwords","title":{"rendered":"Remarketing Google Ads Search and Display"},"content":{"rendered":"<section class=\"wpb-content-wrapper\"><p>[vc_row][vc_column][vc_row_inner][vc_column_inner]<div class=\"dt-fancy-separator title-color\" style=\"width: 100%;\"><div class=\"dt-fancy-title\"><span class=\"separator-holder separator-left\"><\/span>Retargeting Search &amp; Display<span class=\"separator-holder separator-right\"><\/span><\/div><\/div>[vc_empty_space height=&#8221;15px&#8221;][\/vc_column_inner][\/vc_row_inner][\/vc_column][\/vc_row][vc_row][vc_column][vc_column_text]<\/p>\n<h2>Get prospects in the active search phase<\/h2>\n<p>[\/vc_column_text][\/vc_column][\/vc_row][vc_row][vc_column][vc_column_text]<img loading=\"lazy\" decoding=\"async\" class=\"aligncenter wp-image-17581 size-full\" src=\"https:\/\/absolute-referencement.com\/wp-content\/uploads\/referencement-payant-google-ads-uk.png\" alt=\"\" width=\"411\" height=\"101\" \/><br \/>\nRemarketing allows you to reach Internet users who have already visited your website. By interacting with the ad and the auctions, you will be positioned at the top of Google with a message that will incite you to take action and capture the attention of the Internet user once again. By reestablishing contact with prospects in the search or purchase phase, you can achieve this.[\/vc_column_text][\/vc_column][\/vc_row][vc_row][vc_column]<div class=\"jstime timeline_preloader\" style=\"opacity:0;width:35px;margin:auto;margin-top:30px;\"><img decoding=\"async\" style=\"box-shadow:none;\" alt=\"timeline_pre_loader\" src=\"https:\/\/absolute-referencement.com\/wp-content\/plugins\/Ultimate_VC_Addons\/modules\/..\/assets\/img\/timeline_pre-loader.gif\" \/><\/div><div class=\"smile-icon-timeline-wrap jstime line-height-timeline  \"  data-time_sep_bg_color=\"#7e3675\" data-time_block_bg_color=\"#ffffff\"  style=\"opacity:0; margin-top:0px;margin-right:20px;margin-bottom:0px;margin-left:20px;\"><div class=\"timeline-line \" style=\"border-right-style:solid;border-right-color:#7e3675;\"><z><\/z><\/div><div class=\"timeline-wrapper\"><\/div>\r\n\t\t\t\t<div id=\"timeline-seperator-5733\" class=\"timeline-separator-text \" data-sep-col=\"\" data-sep-bg-col=\"\"><span class=\"sep-text ult-responsive\"  data-ultimate-target='#timeline-seperator-5733 .sep-text'  data-responsive-json-new='{\"font-size\":\"\",\"line-height\":\"\"}'  style=\"border-width:1px;border-radius:5px;\">The different types of remarketing offered<\/span><\/div><div class=\"timeline-wrapper \"><div class=\"timeline-block \"><div class=\"timeline-dot\"><\/div><div class=\"ult-timeline-arrow\"><s><\/s><l><\/l><\/div><div class=\"timeline-icon-block\"><div class=\"ult-timeline-icon \" style=\"   \"><div class=\"ult-just-icon-wrapper  \"><div class=\"align-icon\" style=\"text-align:center;\">\n<div class=\"aio-icon circle \"  style=\"color:#6eb056;background:#ffffff;font-size:16px;display:inline-block;\">\n\t<i class=\"Defaults-circle\"><\/i>\n<\/div><\/div><\/div><\/div> <!-- icon --><\/div><div class=\"timeline-header-block\" >\r\n\t\t\t\t\t\t\t<div id=\"timeline-item-6002\" class=\"timeline-header\" style=\"\"><h3 class=\"ult-timeline-title ult-responsive\"  data-ultimate-target='#timeline-item-6002 .ult-timeline-title'  data-responsive-json-new='{\"font-size\":\"\",\"line-height\":\"\"}'  style=\"color:#7e3675;\">Remarketing Display<\/h3><div class=\"ult-responsive timeline-item-spt\"  data-ultimate-target='#timeline-item-6002 .timeline-item-spt'  data-responsive-json-new='{\"font-size\":\"\",\"line-height\":\"\"}'  style=\"\"><\/p>\n<p style=\"text-align: right;\">Remarketing is an advertising retargeting technique that allows you to broadcast your ads to Internet users who have already visited your website or used your mobile application. When an Internet user leaves your website without interacting, remarketing allows you to reconnect with them by presenting them with relevant ads in the best locations. Remarketing boosts your return on investment (ROI).<\/p>\n<p><\/div><\/div> <!-- header --><\/div><\/div><div class=\"timeline-block \"><div class=\"timeline-dot\"><\/div><div class=\"ult-timeline-arrow\"><s><\/s><l><\/l><\/div><div class=\"timeline-icon-block\"><div class=\"ult-timeline-icon \" style=\"   \"><div class=\"ult-just-icon-wrapper  \"><div class=\"align-icon\" style=\"text-align:center;\">\n<div class=\"aio-icon circle \"  style=\"color:#6eb056;background:#ffffff;font-size:16px;display:inline-block;\">\n\t<i class=\"Defaults-circle\"><\/i>\n<\/div><\/div><\/div><\/div> <!-- icon --><\/div><div class=\"timeline-header-block\" >\r\n\t\t\t\t\t\t\t<div id=\"timeline-item-1626\" class=\"timeline-header\" style=\"\"><h3 class=\"ult-timeline-title ult-responsive\"  data-ultimate-target='#timeline-item-1626 .ult-timeline-title'  data-responsive-json-new='{\"font-size\":\"\",\"line-height\":\"\"}'  style=\"color:#7e3675;\">RLSA &amp; RDSA<\/h3><div class=\"ult-responsive timeline-item-spt\"  data-ultimate-target='#timeline-item-1626 .timeline-item-spt'  data-responsive-json-new='{\"font-size\":\"\",\"line-height\":\"\"}'  style=\"\"><\/p>\n<p style=\"text-align: left;\">Remarketing List for Search Ads (RLSAs) allow you to customise your SEARCH campaigns based on people who have already visited your site and adjust your bids and messages when they search Google again.<\/p>\n<p><\/div><\/div> <!-- header --><\/div><\/div><div class=\"timeline-block \"><div class=\"timeline-dot\"><\/div><div class=\"ult-timeline-arrow\"><s><\/s><l><\/l><\/div><div class=\"timeline-icon-block\"><div class=\"ult-timeline-icon \" style=\"   \"><div class=\"ult-just-icon-wrapper  \"><div class=\"align-icon\" style=\"text-align:center;\">\n<div class=\"aio-icon circle \"  style=\"color:#6eb056;background:#ffffff;font-size:16px;display:inline-block;\">\n\t<i class=\"Defaults-circle\"><\/i>\n<\/div><\/div><\/div><\/div> <!-- icon --><\/div><div class=\"timeline-header-block\" >\r\n\t\t\t\t\t\t\t<div id=\"timeline-item-6243\" class=\"timeline-header\" style=\"\"><h3 class=\"ult-timeline-title ult-responsive\"  data-ultimate-target='#timeline-item-6243 .ult-timeline-title'  data-responsive-json-new='{\"font-size\":\"\",\"line-height\":\"\"}'  style=\"color:#7e3675;\">RLSA Shopping<\/h3><div class=\"ult-responsive timeline-item-spt\"  data-ultimate-target='#timeline-item-6243 .timeline-item-spt'  data-responsive-json-new='{\"font-size\":\"\",\"line-height\":\"\"}'  style=\"\">You can use Shopping remarketing lists to display Shopping Ads to people who have already visited your website after having previously searched for your products on Google Shopping. By interacting with your bids, you optimise both your visibility and your conversions. Your profits are on a par with the results, with a strong increase in sales and a more than significant drop in your CPA (cost per acquisition).<\/div><\/div> <!-- header --><\/div><\/div><div class=\"timeline-block \"><div class=\"timeline-dot\"><\/div><div class=\"ult-timeline-arrow\"><s><\/s><l><\/l><\/div><div class=\"timeline-icon-block\"><div class=\"ult-timeline-icon \" style=\"   \"><div class=\"ult-just-icon-wrapper  \"><div class=\"align-icon\" style=\"text-align:center;\">\n<div class=\"aio-icon circle \"  style=\"color:#6eb056;background:#ffffff;font-size:16px;display:inline-block;\">\n\t<i class=\"Defaults-circle\"><\/i>\n<\/div><\/div><\/div><\/div> <!-- icon --><\/div><div class=\"timeline-header-block\" >\r\n\t\t\t\t\t\t\t<div id=\"timeline-item-6103\" class=\"timeline-header\" style=\"\"><h3 class=\"ult-timeline-title ult-responsive\"  data-ultimate-target='#timeline-item-6103 .ult-timeline-title'  data-responsive-json-new='{\"font-size\":\"\",\"line-height\":\"\"}'  style=\"color:#7e3675;\">Dynamic remarketing<\/h3><div class=\"ult-responsive timeline-item-spt\"  data-ultimate-target='#timeline-item-6103 .timeline-item-spt'  data-responsive-json-new='{\"font-size\":\"\",\"line-height\":\"\"}'  style=\"\"><\/p>\n<p class=\"p1\">Dynamic remarketing makes it possible to broadcast ads adapted to the visitors of your site. You can display an advert to these potential customers in the active search phase which presents the services or products they were initially interested in on your site. Your message will be specifically adapted, allowing you to attract the prospect to your site and thus resume their initial search in order to finalise the purchase action.<\/p>\n<p><\/div><\/div> <!-- header --><\/div><\/div><div class=\"timeline-block \"><div class=\"timeline-dot\"><\/div><div class=\"ult-timeline-arrow\"><s><\/s><l><\/l><\/div><div class=\"timeline-icon-block\"><div class=\"ult-timeline-icon \" style=\"   \"><div class=\"ult-just-icon-wrapper  \"><div class=\"align-icon\" style=\"text-align:center;\">\n<div class=\"aio-icon circle \"  style=\"color:#6eb056;background:#ffffff;font-size:16px;display:inline-block;\">\n\t<i class=\"Defaults-circle\"><\/i>\n<\/div><\/div><\/div><\/div> <!-- icon --><\/div><div class=\"timeline-header-block\" >\r\n\t\t\t\t\t\t\t<div id=\"timeline-item-1058\" class=\"timeline-header\" style=\"\"><h3 class=\"ult-timeline-title ult-responsive\"  data-ultimate-target='#timeline-item-1058 .ult-timeline-title'  data-responsive-json-new='{\"font-size\":\"\",\"line-height\":\"\"}'  style=\"color:#7e3675;\">Video remarketing<\/h3><div class=\"ult-responsive timeline-item-spt\"  data-ultimate-target='#timeline-item-1058 .timeline-item-spt'  data-responsive-json-new='{\"font-size\":\"\",\"line-height\":\"\"}'  style=\"\">Video remarketing allows you to display personalised ads on YouTube based on users&#8217; previous interactions with your YouTube channel or videos. By reinforcing your message to Internet users who have already viewed your videos or channel, you increase your chances of increasing your ROI (return on investment).<\/div><\/div> <!-- header --><\/div><\/div><div class=\"timeline-block \"><div class=\"timeline-dot\"><\/div><div class=\"ult-timeline-arrow\"><s><\/s><l><\/l><\/div><div class=\"timeline-icon-block\"><div class=\"ult-timeline-icon \" style=\"   \"><div class=\"ult-just-icon-wrapper  \"><div class=\"align-icon\" style=\"text-align:center;\">\n<div class=\"aio-icon circle \"  style=\"color:#6eb056;background:#ffffff;font-size:16px;display:inline-block;\">\n\t<i class=\"Defaults-circle\"><\/i>\n<\/div><\/div><\/div><\/div> <!-- icon --><\/div><div class=\"timeline-header-block\" >\r\n\t\t\t\t\t\t\t<div id=\"timeline-item-7631\" class=\"timeline-header\" style=\"\"><h3 class=\"ult-timeline-title ult-responsive\"  data-ultimate-target='#timeline-item-7631 .ult-timeline-title'  data-responsive-json-new='{\"font-size\":\"\",\"line-height\":\"\"}'  style=\"color:#7e3675;\">Remarketing Bing Ads<\/h3><div class=\"ult-responsive timeline-item-spt\"  data-ultimate-target='#timeline-item-7631 .timeline-item-spt'  data-responsive-json-new='{\"font-size\":\"\",\"line-height\":\"\"}'  style=\"\">Retargeting lists also give excellent results on Bing Ads, allowing you to increase your ROI and therefore, your turnover!<\/div><\/div> <!-- header --><\/div><\/div><\/div><\/div>[\/vc_column][\/vc_row]<\/p>\n<\/section>","protected":false},"excerpt":{"rendered":"<p>[vc_row][vc_column][vc_row_inner][vc_column_inner][vc_empty_space height=&#8221;15px&#8221;][\/vc_column_inner][\/vc_row_inner][\/vc_column][\/vc_row][vc_row][vc_column][vc_column_text] Get prospects in the active search phase [\/vc_column_text][\/vc_column][\/vc_row][vc_row][vc_column][vc_column_text] Remarketing allows you to reach Internet users who have already visited your website. By interacting with the ad and the auctions, you will be positioned at the top of Google with a message that will incite you to take action and capture the attention of&hellip;<\/p>\n","protected":false},"author":1,"featured_media":0,"parent":0,"menu_order":0,"comment_status":"closed","ping_status":"closed","template":"","meta":[],"class_list":["post-17264","page","type-page","status-publish","hentry","description-off"],"yoast_head":"<!-- This site is optimized with the Yoast SEO plugin v25.0 - https:\/\/yoast.com\/wordpress\/plugins\/seo\/ -->\n<title>Remarketing Google Adwords : Absolute R\u00e9f\u00e9rencement, Agence de Consultants Experts<\/title>\n<meta name=\"description\" content=\"Le Remarketing vous permet de toucher les internautes qui ont d\u00e9j\u00e0 visit\u00e9 votre site Web. En interagissant sur l\u2019annonce et sur les ench\u00e8res vous serez ainsi positionn\u00e9 en t\u00eate de Google avec un message r\u00e9solument incitatif \u00e0 l\u2019action afin de capter une nouvelle fois l\u2019attention de l\u2019internaute.\" \/>\n<meta name=\"robots\" content=\"index, follow, max-snippet:-1, max-image-preview:large, max-video-preview:-1\" \/>\n<link rel=\"canonical\" href=\"https:\/\/absolute-referencement.com\/french-seo-sea-sem-agency\/remarketing-retargeting-google-adwords\" \/>\n<meta property=\"og:locale\" content=\"en_US\" \/>\n<meta property=\"og:type\" content=\"article\" \/>\n<meta property=\"og:title\" content=\"Remarketing Google Adwords : Absolute R\u00e9f\u00e9rencement, Agence de Consultants Experts\" \/>\n<meta property=\"og:description\" content=\"Le Remarketing vous permet de toucher les internautes qui ont d\u00e9j\u00e0 visit\u00e9 votre site Web. En interagissant sur l\u2019annonce et sur les ench\u00e8res vous serez ainsi positionn\u00e9 en t\u00eate de Google avec un message r\u00e9solument incitatif \u00e0 l\u2019action afin de capter une nouvelle fois l\u2019attention de l\u2019internaute.\" \/>\n<meta property=\"og:url\" content=\"https:\/\/absolute-referencement.com\/french-seo-sea-sem-agency\/remarketing-retargeting-google-adwords\" \/>\n<meta property=\"og:site_name\" content=\"R\u00e9f\u00e9rencement naturel SEO &amp; payant SEA Google Ads : Absolute R\u00e9f\u00e9rencement\" \/>\n<meta property=\"article:modified_time\" content=\"2020-07-12T09:53:22+00:00\" \/>\n<meta property=\"og:image\" content=\"https:\/\/absolute-referencement.com\/wp-content\/uploads\/referencement-payant-google-ads-uk.png\" \/>\n<meta name=\"twitter:card\" content=\"summary_large_image\" \/>\n<meta name=\"twitter:label1\" content=\"Est. reading time\" \/>\n\t<meta name=\"twitter:data1\" content=\"3 minutes\" \/>\n<script type=\"application\/ld+json\" class=\"yoast-schema-graph\">{\"@context\":\"https:\/\/schema.org\",\"@graph\":[{\"@type\":\"WebPage\",\"@id\":\"https:\/\/absolute-referencement.com\/french-seo-sea-sem-agency\/remarketing-retargeting-google-adwords\",\"url\":\"https:\/\/absolute-referencement.com\/french-seo-sea-sem-agency\/remarketing-retargeting-google-adwords\",\"name\":\"Remarketing Google Adwords : Absolute R\u00e9f\u00e9rencement, Agence de Consultants Experts\",\"isPartOf\":{\"@id\":\"https:\/\/absolute-referencement.com\/french-seo-sea-sem-agency#website\"},\"primaryImageOfPage\":{\"@id\":\"https:\/\/absolute-referencement.com\/french-seo-sea-sem-agency\/remarketing-retargeting-google-adwords#primaryimage\"},\"image\":{\"@id\":\"https:\/\/absolute-referencement.com\/french-seo-sea-sem-agency\/remarketing-retargeting-google-adwords#primaryimage\"},\"thumbnailUrl\":\"https:\/\/absolute-referencement.com\/wp-content\/uploads\/referencement-payant-google-ads-uk.png\",\"datePublished\":\"2017-06-23T15:53:21+00:00\",\"dateModified\":\"2020-07-12T09:53:22+00:00\",\"description\":\"Le Remarketing vous permet de toucher les internautes qui ont d\u00e9j\u00e0 visit\u00e9 votre site Web. En interagissant sur l\u2019annonce et sur les ench\u00e8res vous serez ainsi positionn\u00e9 en t\u00eate de Google avec un message r\u00e9solument incitatif \u00e0 l\u2019action afin de capter une nouvelle fois l\u2019attention de l\u2019internaute.\",\"breadcrumb\":{\"@id\":\"https:\/\/absolute-referencement.com\/french-seo-sea-sem-agency\/remarketing-retargeting-google-adwords#breadcrumb\"},\"inLanguage\":\"en-US\",\"potentialAction\":[{\"@type\":\"ReadAction\",\"target\":[\"https:\/\/absolute-referencement.com\/french-seo-sea-sem-agency\/remarketing-retargeting-google-adwords\"]}]},{\"@type\":\"ImageObject\",\"inLanguage\":\"en-US\",\"@id\":\"https:\/\/absolute-referencement.com\/french-seo-sea-sem-agency\/remarketing-retargeting-google-adwords#primaryimage\",\"url\":\"https:\/\/absolute-referencement.com\/wp-content\/uploads\/referencement-payant-google-ads-uk.png\",\"contentUrl\":\"https:\/\/absolute-referencement.com\/wp-content\/uploads\/referencement-payant-google-ads-uk.png\"},{\"@type\":\"BreadcrumbList\",\"@id\":\"https:\/\/absolute-referencement.com\/french-seo-sea-sem-agency\/remarketing-retargeting-google-adwords#breadcrumb\",\"itemListElement\":[{\"@type\":\"ListItem\",\"position\":1,\"name\":\"Accueil\",\"item\":\"https:\/\/absolute-referencement.com\/french-seo-sea-sem-agency\/french-seo-sea-paid-search-agency-paris-france\"},{\"@type\":\"ListItem\",\"position\":2,\"name\":\"Remarketing Google Ads Search and Display\"}]},{\"@type\":\"WebSite\",\"@id\":\"https:\/\/absolute-referencement.com\/french-seo-sea-sem-agency#website\",\"url\":\"https:\/\/absolute-referencement.com\/french-seo-sea-sem-agency\",\"name\":\"R\u00e9f\u00e9rencement naturel et payant Google Adwords : Absolute R\u00e9f\u00e9rencement, Consultant et formation\",\"description\":\"\",\"publisher\":{\"@id\":\"https:\/\/absolute-referencement.com\/french-seo-sea-sem-agency#organization\"},\"potentialAction\":[{\"@type\":\"SearchAction\",\"target\":{\"@type\":\"EntryPoint\",\"urlTemplate\":\"https:\/\/absolute-referencement.com\/french-seo-sea-sem-agency?s={search_term_string}\"},\"query-input\":{\"@type\":\"PropertyValueSpecification\",\"valueRequired\":true,\"valueName\":\"search_term_string\"}}],\"inLanguage\":\"en-US\"},{\"@type\":\"Organization\",\"@id\":\"https:\/\/absolute-referencement.com\/french-seo-sea-sem-agency#organization\",\"name\":\"R\u00e9f\u00e9rencement naturel et payant Google Adwords : Absolute R\u00e9f\u00e9rencement, Consultant et formation\",\"url\":\"https:\/\/absolute-referencement.com\/french-seo-sea-sem-agency\",\"logo\":{\"@type\":\"ImageObject\",\"inLanguage\":\"en-US\",\"@id\":\"https:\/\/absolute-referencement.com\/french-seo-sea-sem-agency#\/schema\/logo\/image\/\",\"url\":\"https:\/\/absolute-referencement.com\/wp-content\/uploads\/logo_absolute.png\",\"contentUrl\":\"https:\/\/absolute-referencement.com\/wp-content\/uploads\/logo_absolute.png\",\"width\":250,\"height\":70,\"caption\":\"R\u00e9f\u00e9rencement naturel et payant Google Adwords : Absolute R\u00e9f\u00e9rencement, Consultant et formation\"},\"image\":{\"@id\":\"https:\/\/absolute-referencement.com\/french-seo-sea-sem-agency#\/schema\/logo\/image\/\"}}]}<\/script>\n<!-- \/ Yoast SEO plugin. -->","yoast_head_json":{"title":"Remarketing Google Adwords : Absolute R\u00e9f\u00e9rencement, Agence de Consultants Experts","description":"Le Remarketing vous permet de toucher les internautes qui ont d\u00e9j\u00e0 visit\u00e9 votre site Web. En interagissant sur l\u2019annonce et sur les ench\u00e8res vous serez ainsi positionn\u00e9 en t\u00eate de Google avec un message r\u00e9solument incitatif \u00e0 l\u2019action afin de capter une nouvelle fois l\u2019attention de l\u2019internaute.","robots":{"index":"index","follow":"follow","max-snippet":"max-snippet:-1","max-image-preview":"max-image-preview:large","max-video-preview":"max-video-preview:-1"},"canonical":"https:\/\/absolute-referencement.com\/french-seo-sea-sem-agency\/remarketing-retargeting-google-adwords","og_locale":"en_US","og_type":"article","og_title":"Remarketing Google Adwords : Absolute R\u00e9f\u00e9rencement, Agence de Consultants Experts","og_description":"Le Remarketing vous permet de toucher les internautes qui ont d\u00e9j\u00e0 visit\u00e9 votre site Web. En interagissant sur l\u2019annonce et sur les ench\u00e8res vous serez ainsi positionn\u00e9 en t\u00eate de Google avec un message r\u00e9solument incitatif \u00e0 l\u2019action afin de capter une nouvelle fois l\u2019attention de l\u2019internaute.","og_url":"https:\/\/absolute-referencement.com\/french-seo-sea-sem-agency\/remarketing-retargeting-google-adwords","og_site_name":"R\u00e9f\u00e9rencement naturel SEO &amp; payant SEA Google Ads : Absolute R\u00e9f\u00e9rencement","article_modified_time":"2020-07-12T09:53:22+00:00","og_image":[{"url":"https:\/\/absolute-referencement.com\/wp-content\/uploads\/referencement-payant-google-ads-uk.png","type":"","width":"","height":""}],"twitter_card":"summary_large_image","twitter_misc":{"Est. reading time":"3 minutes"},"schema":{"@context":"https:\/\/schema.org","@graph":[{"@type":"WebPage","@id":"https:\/\/absolute-referencement.com\/french-seo-sea-sem-agency\/remarketing-retargeting-google-adwords","url":"https:\/\/absolute-referencement.com\/french-seo-sea-sem-agency\/remarketing-retargeting-google-adwords","name":"Remarketing Google Adwords : Absolute R\u00e9f\u00e9rencement, Agence de Consultants Experts","isPartOf":{"@id":"https:\/\/absolute-referencement.com\/french-seo-sea-sem-agency#website"},"primaryImageOfPage":{"@id":"https:\/\/absolute-referencement.com\/french-seo-sea-sem-agency\/remarketing-retargeting-google-adwords#primaryimage"},"image":{"@id":"https:\/\/absolute-referencement.com\/french-seo-sea-sem-agency\/remarketing-retargeting-google-adwords#primaryimage"},"thumbnailUrl":"https:\/\/absolute-referencement.com\/wp-content\/uploads\/referencement-payant-google-ads-uk.png","datePublished":"2017-06-23T15:53:21+00:00","dateModified":"2020-07-12T09:53:22+00:00","description":"Le Remarketing vous permet de toucher les internautes qui ont d\u00e9j\u00e0 visit\u00e9 votre site Web. En interagissant sur l\u2019annonce et sur les ench\u00e8res vous serez ainsi positionn\u00e9 en t\u00eate de Google avec un message r\u00e9solument incitatif \u00e0 l\u2019action afin de capter une nouvelle fois l\u2019attention de l\u2019internaute.","breadcrumb":{"@id":"https:\/\/absolute-referencement.com\/french-seo-sea-sem-agency\/remarketing-retargeting-google-adwords#breadcrumb"},"inLanguage":"en-US","potentialAction":[{"@type":"ReadAction","target":["https:\/\/absolute-referencement.com\/french-seo-sea-sem-agency\/remarketing-retargeting-google-adwords"]}]},{"@type":"ImageObject","inLanguage":"en-US","@id":"https:\/\/absolute-referencement.com\/french-seo-sea-sem-agency\/remarketing-retargeting-google-adwords#primaryimage","url":"https:\/\/absolute-referencement.com\/wp-content\/uploads\/referencement-payant-google-ads-uk.png","contentUrl":"https:\/\/absolute-referencement.com\/wp-content\/uploads\/referencement-payant-google-ads-uk.png"},{"@type":"BreadcrumbList","@id":"https:\/\/absolute-referencement.com\/french-seo-sea-sem-agency\/remarketing-retargeting-google-adwords#breadcrumb","itemListElement":[{"@type":"ListItem","position":1,"name":"Accueil","item":"https:\/\/absolute-referencement.com\/french-seo-sea-sem-agency\/french-seo-sea-paid-search-agency-paris-france"},{"@type":"ListItem","position":2,"name":"Remarketing Google Ads Search and Display"}]},{"@type":"WebSite","@id":"https:\/\/absolute-referencement.com\/french-seo-sea-sem-agency#website","url":"https:\/\/absolute-referencement.com\/french-seo-sea-sem-agency","name":"R\u00e9f\u00e9rencement naturel et payant Google Adwords : Absolute R\u00e9f\u00e9rencement, Consultant et formation","description":"","publisher":{"@id":"https:\/\/absolute-referencement.com\/french-seo-sea-sem-agency#organization"},"potentialAction":[{"@type":"SearchAction","target":{"@type":"EntryPoint","urlTemplate":"https:\/\/absolute-referencement.com\/french-seo-sea-sem-agency?s={search_term_string}"},"query-input":{"@type":"PropertyValueSpecification","valueRequired":true,"valueName":"search_term_string"}}],"inLanguage":"en-US"},{"@type":"Organization","@id":"https:\/\/absolute-referencement.com\/french-seo-sea-sem-agency#organization","name":"R\u00e9f\u00e9rencement naturel et payant Google Adwords : Absolute R\u00e9f\u00e9rencement, Consultant et formation","url":"https:\/\/absolute-referencement.com\/french-seo-sea-sem-agency","logo":{"@type":"ImageObject","inLanguage":"en-US","@id":"https:\/\/absolute-referencement.com\/french-seo-sea-sem-agency#\/schema\/logo\/image\/","url":"https:\/\/absolute-referencement.com\/wp-content\/uploads\/logo_absolute.png","contentUrl":"https:\/\/absolute-referencement.com\/wp-content\/uploads\/logo_absolute.png","width":250,"height":70,"caption":"R\u00e9f\u00e9rencement naturel et payant Google Adwords : Absolute R\u00e9f\u00e9rencement, Consultant et formation"},"image":{"@id":"https:\/\/absolute-referencement.com\/french-seo-sea-sem-agency#\/schema\/logo\/image\/"}}]}},"_links":{"self":[{"href":"https:\/\/absolute-referencement.com\/french-seo-sea-sem-agency\/wp-json\/wp\/v2\/pages\/17264","targetHints":{"allow":["GET"]}}],"collection":[{"href":"https:\/\/absolute-referencement.com\/french-seo-sea-sem-agency\/wp-json\/wp\/v2\/pages"}],"about":[{"href":"https:\/\/absolute-referencement.com\/french-seo-sea-sem-agency\/wp-json\/wp\/v2\/types\/page"}],"author":[{"embeddable":true,"href":"https:\/\/absolute-referencement.com\/french-seo-sea-sem-agency\/wp-json\/wp\/v2\/users\/1"}],"replies":[{"embeddable":true,"href":"https:\/\/absolute-referencement.com\/french-seo-sea-sem-agency\/wp-json\/wp\/v2\/comments?post=17264"}],"version-history":[{"count":6,"href":"https:\/\/absolute-referencement.com\/french-seo-sea-sem-agency\/wp-json\/wp\/v2\/pages\/17264\/revisions"}],"predecessor-version":[{"id":17758,"href":"https:\/\/absolute-referencement.com\/french-seo-sea-sem-agency\/wp-json\/wp\/v2\/pages\/17264\/revisions\/17758"}],"wp:attachment":[{"href":"https:\/\/absolute-referencement.com\/french-seo-sea-sem-agency\/wp-json\/wp\/v2\/media?parent=17264"}],"curies":[{"name":"wp","href":"https:\/\/api.w.org\/{rel}","templated":true}]}}